 -182*c + 628. Give p(4).
-100
Let a(m) = -m**3 + 18*m**2 + 16*m + 42. Give a(19).
-15
Let d(m) = 2*m**2 + 64*m + 66. Calculate d(-1).
4
Let p(d) = -d**3 - 15*d**2 - 62*d - 484. Determine p(-13).
-16
Let y(h) = -51*h + 1791. Determine y(35).
6
Let x(q) = 2*q**2 + 306*q + 4374. Give x(-16).
-10
Let r(p) = -p**2 + 41*p - 424. What is r(22)?
-6
Let b(o) = o**2 + 18*o - 944. Calculate b(-41).
-1
Let a(j) = j**2 - 5*j - 21. What is a(11)?
45
Let c(d) = 2*d**3 - 7*d**2 + 60*d - 276. Calculate c(5).
99
Let o(j) = 2*j**2 - 58*j - 774. Calculate o(39).
6
Let f(j) = -j**2 + 131*j - 122. Determine f(130).
8
Let x(w) = -w**3 + 82*w**2 - 158*w - 115. Calculate x(80).
45
Let o(j) = -j**3 + 16*j**2 + 10*j + 126. What is o(17)?
7
Let o(i) = 2*i**3 + 25*i**2 - 11*i + 27. What is o(-13)?
1
Let j(b) = -2*b**3 + 27*b**2 - 47*b - 88. What is j(11)?
0
Let d(t) = -15*t - 397. Calculate d(-74).
713
Let g(n) = -2*n**2 + 1626*n + 6531. What is g(-4)?
-5
Let s(x) = -x**2 + 232*x + 1186. Give s(-5).
1
Let r(t) = -t**3 + 15*t**2 - 20*t - 23. Give r(12).
169
Let r(u) = -134*u - 486. Calculate r(-4).
50
Let l(f) = 2*f - 119. What is l(49)?
-21
Let n(u) = 500*u - 11469. Calculate n(23).
31
Let i(a) = a**2 - 127*a + 1498. Calculate i(13).
16
Let j(t) = t**3 - 3*t**2 - 63*t - 17. What is j(-7)?
-66
Let q(r) = -478*r - 4. Determine q(-1).
474
Let n(r) = -r**3 + 17*r**2 - 69*r - 133. Determine n(12).
-241
Let u(x) = -x**3 + x**2 + 55*x + 107. Give u(-2).
9
Let h(n) = 697*n + 1356. Determine h(-2).
-38
Let j(d) = 28569*d + 342832. Give j(-12).
4
Let n(w) = 3*w**3 + 190*w**2 - 125*w + 182. Calculate n(-64).
-10
Let z(a) = 39*a + 1349. What is z(-33)?
62
Let i(o) = -14*o**3 + 222*o**2 + 30*o + 31. Determine i(16).
-1
Let j(m) = 2*m**3 + 5*m**2 - 5*m + 4. What is j(4)?
192
Let r(j) = -j**3 - 30*j**2 - 218*j + 25. Give r(-15).
-80
Let l(s) = s**3 + 54*s**2 - 106*s + 219. What is l(-56)?
-117
Let w(m) = -m**3 - 32*m**2 - 56*m + 96. Give w(-30).
-24
Let w(i) = -i**2 - 66*i + 381. Determine w(-72).
-51
Let p(t) = -28*t**2 + 6*t + 3. Calculate p(3).
-231
Let t(n) = -n**2 - 91*n - 1481. Calculate t(-21).
-11
Let p(z) = z**3 + 13*z**2 + z - 19. Calculate p(-11).
212
Let p(r) = 135*r - 31352. Calculate p(232).
-32
Let o(h) = 18*h + 1065. Give o(-59).
3
Let b(t) = -t**2 - 40*t - 85. What is b(-3)?
26
Let f(q) = -81*q**3 - 3*q - 5. Calculate f(-1).
79
Let n(k) = -4*k**2 - 18*k + 178. Give n(9).
-308
Let f(g) = 37*g + 1213. What is f(-33)?
-8
Let b(y) = 56*y - 370. Give b(6).
-34
Let b(w) = -564*w - 2809. Give b(-5).
11
Let g(s) = -436*s**2 + 4*s - 4. What is g(1)?
-436
Let j(y) = -64*y**2 + 1288*y - 151. What is j(20)?
9
Let m(u) = -u**3 - 19*u**2 - 41*u - 781. What is m(-19)?
-2
Let t(p) = 3*p**2 + 24*p - 204. What is t(8)?
180
Let i(z) = z**3 - 43*z**2 - 25*z - 1. Determine i(0).
-1
Let r(o) = -o**3 + 2*o**2 - 8*o + 13. Give r(2).
-3
Let i(f) = -f**2 + 51*f - 689. Give i(22).
-51
Let h(l) = l**2 + 5*l - 38. Calculate h(-11).
28
Let i(k) = 19*k - 184. Calculate i(5).
-89
Let m(r) = r**3 + 24*r**2 + 36*r + 831. What is m(-24)?
-33
Let o(z) = 2*z**2 + 87*z - 43. Determine o(-45).
92
Let c(l) = 492*l + 6912. Calculate c(-14).
24
Let v(b) = -2*b**3 + 25*b**2 - 20*b - 53. Determine v(12).
-149
Let l(m) = -m**2 - 245*m - 2151. Determine l(-9).
-27
Let z(t) = -47*t + 1095. What is z(23)?
14
Let q(j) = -38*j**3 - j**2 + 15*j - 15. Determine q(1).
-39
Let b(m) = -m**3 + 10*m**2 - 19*m - 8. Determine b(5).
22
Let j(a) = 179*a + 12. Give j(1).
191
Let p(g) = -2*g**3 - 7*g**2 + 5*g - 3. Calculate p(-6).
147
Let i(o) = -14*o**3 + 20*o**2 - 10*o + 1. Determine i(2).
-51
Let c(i) = 2*i**3 + 34*i**2 + 96*i + 176. Determine c(-14).
8
Let y(g) = -g**2 + 181*g + 1147. What is y(-6)?
25
Let x(t) = 3*t**2 + 915*t - 37966. Give x(37).
-4
Let m(o) = -33*o + 2491. What is m(73)?
82
Let v(r) = -r**3 - 17*r**2 + 86*r + 524. Give v(-20).
4
Let q(l) = -l**3 + 37*l**2 + 470*l - 5. Calculate q(47).
-5
Let k(h) = -11*h**3 + 2*h**2 - 33*h - 83. Give k(-3).
331
Let f(j) = -j**3 - 2*j**2 + 60*j - 93. Give f(-9).
-66
Let h(p) = -2*p**2 - 5*p + 63. Determine h(-10).
-87
Let h(l) = 2*l**3 + 79*l**2 + 32*l - 286. Give h(-39).
-13
Let w(k) = 2*k**2 + 37*k - 16. Calculate w(-19).
3
Let l(d) = -67*d**2 - 27*d - 20. Calculate l(-1).
-60
Let n(b) = -392*b + 12058. What is n(31)?
-94
Let l(k) = -26*k**2 - 194*k - 3. Calculate l(-7).
81
Let j(m) = -m**3 - 13*m**2 + 301*m - 8. Calculate j(12).
4
Let k(q) = 2019*q - 18169. Determine k(9).
2
Let i(t) = 2*t**2 - 14*t + 17. Determine i(6).
5
Let c(w) = 613*w - 540. Calculate c(1).
73
Let x(h) = -h**2 + 40*h - 331. Determine x(32).
-75
Let q(g) = 5*g**2 - 15*g + 7. Give q(7).
147
Let p(y) = -28*y**3 - y**2 - 12*y - 11. Determine p(-1).
28
Let b(k) = 3*k**3 - 30*k**2 - 10*k + 116. Calculate b(10).
16
Let m(d) = -6*d**3 + 144*d**2 + 6. Determine m(24).
6
Let m(i) = 3*i**2 + 141*i + 1013. Determine m(-38).
-13
Let i(z) = 9*z**2 - 66*z + 75. What is i(6)?
3
Let t(w) = -3*w - 149. What is t(-10)?
-119
Let d(b) = 82*b + 14. Calculate d(5).
424
Let h(i) = -i**3 - 11*i**2 - 12*i - 39. What is h(-8)?
-135
Let m(q) = 9*q**2 - 104*q - 11. Give m(7).
-298
Let f(x) = x**3 + 13*x**2 + 7*x - 32. Determine f(-12).
28
Let f(k) = 2*k**3 - 22*k**2 + 41*k + 108. What is f(7)?
3
Let j(f) = 7*f**2 + 3*f - 96. What is j(10)?
634
Let v(a) = -a**2 - 36*a - 206. Calculate v(-29).
-3
Let z(k) = -k + 16. Determine z(10).
6
Let x(m) = -4*m - 86. Give x(-26).
18
Let m(b) = -37*b - 1927. What is m(-50)?
-77
Let p(j) = -2*j**2 + 11*j + 145. What is p(13)?
-50
Let j(m) = -m**3 - 104*m**2 + 224*m - 23. Determine j(2).
1
Let b(i) = -41*i + 1093. Calculate b(31).
-178
Let g(p) = -p**3 + 16*p**2 + 5*p - 17. Determine g(16).
63
Let k(c) = -3*c**2 - 18*c + 88. Calculate k(-9).
7
Let z(g) = 12*g + 665. What is z(-54)?
17
Let w(i) = -115*i + 579. Calculate w(5).
4
Let l(i) = 25*i**2 + 1299*i - 36. Calculate l(-52).
16
Let x(s) = s**3 - 34*s**2 + 20*s + 484. Determine x(33).
55
Let y(p) = 14*p + 446. Give y(-31).
12
Let f(l) = l**2 + 650*l - 8623. Calculate f(13).
-4
Let z(i) = i**3 - 18*i**2 - 25*i - 16. Determine z(18).
-466
Let f(h) = h**3 - 43*h**2 - 45*h - 77. Calculate f(44).
-121
Let c(x) = x**2 + 49*x - 703. What is c(21)?
767
Let t(b) = -41*b**3 + 2*b**2 - 1. Calculate t(-1).
42
Let t(r) = -30*r - 521. Determine t(-17).
-11
Let w(u) = -u**2 + 9*u + 395. Determine w(-23).
-341
Let q(y) = 626*y + 75746. Calculate q(-121).
0
Let r(a) = -9*a - 100. What is r(-5)?
-55
Let v(x) = x**3 + 77*x**2 + 54*x + 4358. Give v(-77).
200
Let c(i) = 370*i - 8983. Give c(25).
267
Let z(v) = 2*v**2 - 288*v + 300. Determine z(143).
14
Let f(b) = -56*b + 1455. Determine f(26).
-1
Let b(w) = 26*w + 308. Determine b(-3).
230
Let d(u) = -49*u - 603. Calculate d(-11).
-64
Let c(m) = -8*m**2 + 594*m - 143. Give c(74).
5
Let p(z) = z**2 + 59*z + 210. What is p(-62)?
396
Let b(x) = x**3 + 12*x**2 - 10*x + 11. What is b(-12)?
131
Let j(q) = q**3 - 11*q**2 - 243*q + 35. Calculate j(-11).
46
Let m(a) = 16*a + 287. What is m(-18)?
-1
Let l(c) = -24*c**3 + 2*c**2 + 4*c + 3. Determine l(-1).
25
Let i(j) = 4219*j + 88603. What is i(-21)?
4
Let z(n) = -2*n**2 - 11*n + 44. Determine z(-17).
-347
Let w(o) = -4*o**3 + 22*o**2 - 19*o + 33. Determine w(6).
-153
Let r(m) = 10*m**3 - 15*m**2 + 29*m + 7. Determine r(3).
229
Let d(c) = -2*c**2 + 172*c + 1101. Determine d(92).
-3
Let j(t) = 55*t**2 - 332*t + 11. Determine j(6).
-1
Let l(n) = n**3 - 456*n - 3741. Give l(-12).
3
Let l(t) = t**2 - 23*t + 54. Give l(28).
194
Let s(j) = -137*j**2 + 882*j - 11. Give s(6).
349
Let v(r) = -r**3 + 76*r**2 - 145*r - 182. What is v(74)?
40
Let y(w) = 50*w**2 + 19*w + 5. What is y(-2)?
167
Let i(a) = 5*a**2 - 58*a + 36. What is i(11)?
3
Let z(k) = k**3 - 93*k**2 - 9*k + 862. Give z(93).
25
Let n(w) = -11*w**3 + 50*w**2 + 26*w + 11. Determine n(5).
16
Let p(f) = -72*f**2 - 30*f + 34. What is p(4)?
-1238
Let g(d) = -21*d**2 - 8*d + 31. What is g(4)?
-337
Let s(y) = -2*y**3 - 8*y**2 - 104*y - 345. Determine s(-4).
71
Let j(q) = -7*q + 179. Calculate j(27).
-10
Let b(j) = j**3 - 55*j**2 + 144*j + 119. Determine b(52).
-505
Let b(p) = -198*p - 3100. Calculate b(-16).
68
Let a(n) = -n**3 + 29*n**2 - 114*n + 354. Determine a(25).
4
Let t(p) = -4*p**2 + 133*p - 166. Determine t(32).
-6